{"id":4242,"date":"2025-02-03T16:09:10","date_gmt":"2025-02-03T16:09:10","guid":{"rendered":"https:\/\/blog.demonia.com\/?page_id=4242"},"modified":"2025-02-12T15:58:49","modified_gmt":"2025-02-12T15:58:49","slug":"guide-bdsm-videos","status":"publish","type":"page","link":"https:\/\/blog.demonia.com\/guide-bdsm-videos\/","title":{"rendered":"Guide Vid\u00e9os BDSM : Explorez l&rsquo;univers du plaisir et de la domination"},"content":{"rendered":"\t\t<div data-elementor-type=\"wp-page\" data-elementor-id=\"4242\" class=\"elementor elementor-4242\" data-elementor-post-type=\"page\">\n\t\t\t\t<div class=\"elementor-element elementor-element-8b9ae55 e-flex e-con-boxed e-con e-parent\" data-id=\"8b9ae55\" data-element_type=\"container\" data-settings=\"{&quot;background_background&quot;:&quot;classic&quot;}\">\n\t\t\t\t\t<div class=\"e-con-inner\">\n\t\t\t\t\t<\/div>\n\t\t\t\t<\/div>\n\t\t<div class=\"elementor-element elementor-element-362e725 e-flex e-con-boxed e-con e-parent\" data-id=\"362e725\" data-element_type=\"container\">\n\t\t\t\t\t<div class=\"e-con-inner\">\n\t\t\t\t<div class=\"elementor-element elementor-element-5c1b254 elementor-widget elementor-widget-text-editor\" data-id=\"5c1b254\" data-element_type=\"widget\" data-widget_type=\"text-editor.default\">\n\t\t\t\t<div class=\"elementor-widget-container\">\n\t\t\t\t\t\t\t\t\t<p>Le BDSM est un univers fascinant m\u00ealant domination, soumission, jeux de pouvoir et exploration des plaisirs intenses. Que vous soyez novice ou pratiquant exp\u00e9riment\u00e9, les guides en vid\u00e9o BDSM sont un excellent moyen d\u2019apprendre, de d\u00e9couvrir de nouvelles pratiques et de s\u2019inspirer pour enrichir vos exp\u00e9riences.<\/p><p>Dans ce guide, nous vous proposons une s\u00e9lection de vid\u00e9os \u00e9ducatives et inspirantes pour mieux comprendre le BDSM, choisir les <strong>accessoires SM<\/strong> adapt\u00e9s et explorer l\u2019univers des <strong>v\u00eatements fetish<\/strong> pour sublimer vos jeux de r\u00f4le.<\/p>\t\t\t\t\t\t\t\t<\/div>\n\t\t\t\t<\/div>\n\t\t\t\t<div class=\"elementor-element elementor-element-fd081dd elementor-widget elementor-widget-heading\" data-id=\"fd081dd\" data-element_type=\"widget\" data-widget_type=\"heading.default\">\n\t\t\t\t<div class=\"elementor-widget-container\">\n\t\t\t\t\t<h2 class=\"elementor-heading-title elementor-size-default\">Pourquoi regarder des guides vid\u00e9os BDSM ?<\/h2>\t\t\t\t<\/div>\n\t\t\t\t<\/div>\n\t\t\t\t<div class=\"elementor-element elementor-element-b4472c0 elementor-widget elementor-widget-text-editor\" data-id=\"b4472c0\" data-element_type=\"widget\" data-widget_type=\"text-editor.default\">\n\t\t\t\t<div class=\"elementor-widget-container\">\n\t\t\t\t\t\t\t\t\t<p>Les vid\u00e9os BDSM peuvent avoir plusieurs objectifs :<\/p><ul><li><strong>Apprentissage<\/strong> : Comprendre les bases du BDSM, les r\u00e8gles de consentement et les pratiques s\u00e9curis\u00e9es.<\/li><li><strong>Inspiration<\/strong> : D\u00e9couvrir de nouvelles mises en sc\u00e8ne, positions et jeux de pouvoir.<\/li><li><strong>Choix des Accessoires<\/strong> : Voir comment utiliser les <strong>accessoires SM<\/strong> pour maximiser le plaisir et la s\u00e9curit\u00e9.<\/li><li><strong>Mode Fetish<\/strong> : Explorer les diff\u00e9rents styles de <strong>v\u00eatements fetish<\/strong> et leur impact sensoriel et psychologique.<\/li><\/ul><p>\u00a0<\/p><p>Dans ce guide, nous vous proposons une s\u00e9lection de vid\u00e9os \u00e9ducatives et inspirantes pour mieux comprendre le BDSM, choisir les <strong>accessoires SM<\/strong> adapt\u00e9s et explorer l\u2019univers des <strong>v\u00eatements fetish<\/strong> pour sublimer vos jeux de r\u00f4le.<\/p>\t\t\t\t\t\t\t\t<\/div>\n\t\t\t\t<\/div>\n\t\t\t\t\t<\/div>\n\t\t\t\t<\/div>\n\t\t<div class=\"elementor-element elementor-element-955ea85 e-flex e-con-boxed e-con e-parent\" data-id=\"955ea85\" data-element_type=\"container\">\n\t\t\t\t\t<div class=\"e-con-inner\">\n\t\t\t\t<div class=\"elementor-element elementor-element-59cd33d elementor-widget elementor-widget-heading\" data-id=\"59cd33d\" data-element_type=\"widget\" data-widget_type=\"heading.default\">\n\t\t\t\t<div class=\"elementor-widget-container\">\n\t\t\t\t\t<h2 class=\"elementor-heading-title elementor-size-default\">Nos Guides en Vid\u00e9o<\/h2>\t\t\t\t<\/div>\n\t\t\t\t<\/div>\n\t\t<div class=\"elementor-element elementor-element-86e3b3d e-grid e-con-full e-con e-child\" data-id=\"86e3b3d\" data-element_type=\"container\">\n\t\t\t\t<div class=\"elementor-element elementor-element-28b6ca2 elementor-widget elementor-widget-video\" data-id=\"28b6ca2\" data-element_type=\"widget\" data-settings=\"{&quot;video_type&quot;:&quot;hosted&quot;,&quot;controls&quot;:&quot;yes&quot;}\" data-widget_type=\"video.default\">\n\t\t\t\t<div class=\"elementor-widget-container\">\n\t\t\t\t\t\t\t<div class=\"e-hosted-video elementor-wrapper elementor-open-inline\">\n\t\t\t\t\t<video class=\"elementor-video\" src=\"https:\/\/blog.demonia.com\/wp-content\/uploads\/2025\/02\/le-collier-etrangleur-bdsm.mp4\" controls=\"\" preload=\"metadata\" controlsList=\"nodownload\"><\/video>\n\t\t\t\t<\/div>\n\t\t\t\t\t\t<\/div>\n\t\t\t\t<\/div>\n\t\t\t\t<div class=\"elementor-element elementor-element-34dfff4 elementor-widget elementor-widget-video\" data-id=\"34dfff4\" data-element_type=\"widget\" data-settings=\"{&quot;video_type&quot;:&quot;hosted&quot;,&quot;controls&quot;:&quot;yes&quot;}\" data-widget_type=\"video.default\">\n\t\t\t\t<div class=\"elementor-widget-container\">\n\t\t\t\t\t\t\t<div class=\"e-hosted-video elementor-wrapper elementor-open-inline\">\n\t\t\t\t\t<video class=\"elementor-video\" src=\"https:\/\/blog.demonia.com\/wp-content\/uploads\/2025\/02\/Comment-mettre-un-corset-.mp4\" controls=\"\" preload=\"metadata\" controlsList=\"nodownload\"><\/video>\n\t\t\t\t<\/div>\n\t\t\t\t\t\t<\/div>\n\t\t\t\t<\/div>\n\t\t\t\t<\/div>\n\t\t\t\t\t<\/div>\n\t\t\t\t<\/div>\n\t\t\t\t<\/div>\n\t\t","protected":false},"excerpt":{"rendered":"<p>Le BDSM est un univers fascinant m\u00ealant domination, soumission, jeux de pouvoir et exploration des plaisirs intenses. Que vous soyez novice ou pratiquant exp\u00e9riment\u00e9, les guides en vid\u00e9o BDSM sont [&hellip;]<\/p>\n","protected":false},"author":3,"featured_media":0,"parent":0,"menu_order":0,"comment_status":"closed","ping_status":"closed","template":"","meta":{"footnotes":""},"class_list":["post-4242","page","type-page","status-publish","hentry"],"yoast_head":"<!-- This site is optimized with the Yoast SEO plugin v24.7 - https:\/\/yoast.com\/wordpress\/plugins\/seo\/ -->\n<title>Guide Vid\u00e9os BDSM : Explorez l&#039;univers du plaisir et de la domination - D\u00e8monia Blog<\/title>\n<meta name=\"description\" content=\"D\u00e9couvrez en vid\u00e9os comment s&#039;utilisent les accessoires de l&#039;univers BDSM. Des vid\u00e9os courtes pour en apprendre plus et pratiquer en s\u00e9curit\u00e9.\" \/>\n<meta name=\"robots\" content=\"index, follow, max-snippet:-1, max-image-preview:large, max-video-preview:-1\" \/>\n<link rel=\"canonical\" href=\"https:\/\/blog.demonia.com\/guide-bdsm-videos\/\" \/>\n<meta property=\"og:locale\" content=\"fr_FR\" \/>\n<meta property=\"og:type\" content=\"article\" \/>\n<meta property=\"og:title\" content=\"Guide Vid\u00e9os BDSM : Explorez l&#039;univers du plaisir et de la domination - D\u00e8monia Blog\" \/>\n<meta property=\"og:description\" content=\"D\u00e9couvrez en vid\u00e9os comment s&#039;utilisent les accessoires de l&#039;univers BDSM. Des vid\u00e9os courtes pour en apprendre plus et pratiquer en s\u00e9curit\u00e9.\" \/>\n<meta property=\"og:url\" content=\"https:\/\/blog.demonia.com\/guide-bdsm-videos\/\" \/>\n<meta property=\"og:site_name\" content=\"Pratiques et accessoires BDSM - D\u00e8monia\" \/>\n<meta property=\"article:modified_time\" content=\"2025-02-12T15:58:49+00:00\" \/>\n<meta name=\"twitter:card\" content=\"summary_large_image\" \/>\n<meta name=\"twitter:label1\" content=\"Dur\u00e9e de lecture estim\u00e9e\" \/>\n\t<meta name=\"twitter:data1\" content=\"2 minutes\" \/>\n<script type=\"application\/ld+json\" class=\"yoast-schema-graph\">{\"@context\":\"https:\/\/schema.org\",\"@graph\":[{\"@type\":\"WebPage\",\"@id\":\"https:\/\/blog.demonia.com\/guide-bdsm-videos\/\",\"url\":\"https:\/\/blog.demonia.com\/guide-bdsm-videos\/\",\"name\":\"Guide Vid\u00e9os BDSM : Explorez l'univers du plaisir et de la domination - D\u00e8monia Blog\",\"isPartOf\":{\"@id\":\"https:\/\/blog.demonia.com\/#website\"},\"datePublished\":\"2025-02-03T16:09:10+00:00\",\"dateModified\":\"2025-02-12T15:58:49+00:00\",\"description\":\"D\u00e9couvrez en vid\u00e9os comment s'utilisent les accessoires de l'univers BDSM. Des vid\u00e9os courtes pour en apprendre plus et pratiquer en s\u00e9curit\u00e9.\",\"breadcrumb\":{\"@id\":\"https:\/\/blog.demonia.com\/guide-bdsm-videos\/#breadcrumb\"},\"inLanguage\":\"fr-FR\",\"potentialAction\":[{\"@type\":\"ReadAction\",\"target\":[\"https:\/\/blog.demonia.com\/guide-bdsm-videos\/\"]}]},{\"@type\":\"BreadcrumbList\",\"@id\":\"https:\/\/blog.demonia.com\/guide-bdsm-videos\/#breadcrumb\",\"itemListElement\":[{\"@type\":\"ListItem\",\"position\":1,\"name\":\"D\u00e8monia Blog\",\"item\":\"https:\/\/blog.demonia.com\/\"},{\"@type\":\"ListItem\",\"position\":2,\"name\":\"Guide Vid\u00e9os BDSM : Explorez l&rsquo;univers du plaisir et de la domination\"}]},{\"@type\":\"WebSite\",\"@id\":\"https:\/\/blog.demonia.com\/#website\",\"url\":\"https:\/\/blog.demonia.com\/\",\"name\":\"Pratiques et accessoires BDSM - D\u00e8monia\",\"description\":\"\",\"publisher\":{\"@id\":\"https:\/\/blog.demonia.com\/#organization\"},\"potentialAction\":[{\"@type\":\"SearchAction\",\"target\":{\"@type\":\"EntryPoint\",\"urlTemplate\":\"https:\/\/blog.demonia.com\/?s={search_term_string}\"},\"query-input\":{\"@type\":\"PropertyValueSpecification\",\"valueRequired\":true,\"valueName\":\"search_term_string\"}}],\"inLanguage\":\"fr-FR\"},{\"@type\":\"Organization\",\"@id\":\"https:\/\/blog.demonia.com\/#organization\",\"name\":\"Pratiques et accessoires BDSM - D\u00e8monia\",\"url\":\"https:\/\/blog.demonia.com\/\",\"logo\":{\"@type\":\"ImageObject\",\"inLanguage\":\"fr-FR\",\"@id\":\"https:\/\/blog.demonia.com\/#\/schema\/logo\/image\/\",\"url\":\"https:\/\/blog.demonia.com\/wp-content\/uploads\/2024\/02\/demonia-logo-blanc.svg\",\"contentUrl\":\"https:\/\/blog.demonia.com\/wp-content\/uploads\/2024\/02\/demonia-logo-blanc.svg\",\"width\":202,\"height\":42,\"caption\":\"Pratiques et accessoires BDSM - D\u00e8monia\"},\"image\":{\"@id\":\"https:\/\/blog.demonia.com\/#\/schema\/logo\/image\/\"}}]}<\/script>\n<!-- \/ Yoast SEO plugin. -->","yoast_head_json":{"title":"Guide Vid\u00e9os BDSM : Explorez l'univers du plaisir et de la domination - D\u00e8monia Blog","description":"D\u00e9couvrez en vid\u00e9os comment s'utilisent les accessoires de l'univers BDSM. Des vid\u00e9os courtes pour en apprendre plus et pratiquer en s\u00e9curit\u00e9.","robots":{"index":"index","follow":"follow","max-snippet":"max-snippet:-1","max-image-preview":"max-image-preview:large","max-video-preview":"max-video-preview:-1"},"canonical":"https:\/\/blog.demonia.com\/guide-bdsm-videos\/","og_locale":"fr_FR","og_type":"article","og_title":"Guide Vid\u00e9os BDSM : Explorez l'univers du plaisir et de la domination - D\u00e8monia Blog","og_description":"D\u00e9couvrez en vid\u00e9os comment s'utilisent les accessoires de l'univers BDSM. Des vid\u00e9os courtes pour en apprendre plus et pratiquer en s\u00e9curit\u00e9.","og_url":"https:\/\/blog.demonia.com\/guide-bdsm-videos\/","og_site_name":"Pratiques et accessoires BDSM - D\u00e8monia","article_modified_time":"2025-02-12T15:58:49+00:00","twitter_card":"summary_large_image","twitter_misc":{"Dur\u00e9e de lecture estim\u00e9e":"2 minutes"},"schema":{"@context":"https:\/\/schema.org","@graph":[{"@type":"WebPage","@id":"https:\/\/blog.demonia.com\/guide-bdsm-videos\/","url":"https:\/\/blog.demonia.com\/guide-bdsm-videos\/","name":"Guide Vid\u00e9os BDSM : Explorez l'univers du plaisir et de la domination - D\u00e8monia Blog","isPartOf":{"@id":"https:\/\/blog.demonia.com\/#website"},"datePublished":"2025-02-03T16:09:10+00:00","dateModified":"2025-02-12T15:58:49+00:00","description":"D\u00e9couvrez en vid\u00e9os comment s'utilisent les accessoires de l'univers BDSM. Des vid\u00e9os courtes pour en apprendre plus et pratiquer en s\u00e9curit\u00e9.","breadcrumb":{"@id":"https:\/\/blog.demonia.com\/guide-bdsm-videos\/#breadcrumb"},"inLanguage":"fr-FR","potentialAction":[{"@type":"ReadAction","target":["https:\/\/blog.demonia.com\/guide-bdsm-videos\/"]}]},{"@type":"BreadcrumbList","@id":"https:\/\/blog.demonia.com\/guide-bdsm-videos\/#breadcrumb","itemListElement":[{"@type":"ListItem","position":1,"name":"D\u00e8monia Blog","item":"https:\/\/blog.demonia.com\/"},{"@type":"ListItem","position":2,"name":"Guide Vid\u00e9os BDSM : Explorez l&rsquo;univers du plaisir et de la domination"}]},{"@type":"WebSite","@id":"https:\/\/blog.demonia.com\/#website","url":"https:\/\/blog.demonia.com\/","name":"Pratiques et accessoires BDSM - D\u00e8monia","description":"","publisher":{"@id":"https:\/\/blog.demonia.com\/#organization"},"potentialAction":[{"@type":"SearchAction","target":{"@type":"EntryPoint","urlTemplate":"https:\/\/blog.demonia.com\/?s={search_term_string}"},"query-input":{"@type":"PropertyValueSpecification","valueRequired":true,"valueName":"search_term_string"}}],"inLanguage":"fr-FR"},{"@type":"Organization","@id":"https:\/\/blog.demonia.com\/#organization","name":"Pratiques et accessoires BDSM - D\u00e8monia","url":"https:\/\/blog.demonia.com\/","logo":{"@type":"ImageObject","inLanguage":"fr-FR","@id":"https:\/\/blog.demonia.com\/#\/schema\/logo\/image\/","url":"https:\/\/blog.demonia.com\/wp-content\/uploads\/2024\/02\/demonia-logo-blanc.svg","contentUrl":"https:\/\/blog.demonia.com\/wp-content\/uploads\/2024\/02\/demonia-logo-blanc.svg","width":202,"height":42,"caption":"Pratiques et accessoires BDSM - D\u00e8monia"},"image":{"@id":"https:\/\/blog.demonia.com\/#\/schema\/logo\/image\/"}}]}},"_links":{"self":[{"href":"https:\/\/blog.demonia.com\/wp-json\/wp\/v2\/pages\/4242","targetHints":{"allow":["GET"]}}],"collection":[{"href":"https:\/\/blog.demonia.com\/wp-json\/wp\/v2\/pages"}],"about":[{"href":"https:\/\/blog.demonia.com\/wp-json\/wp\/v2\/types\/page"}],"author":[{"embeddable":true,"href":"https:\/\/blog.demonia.com\/wp-json\/wp\/v2\/users\/3"}],"replies":[{"embeddable":true,"href":"https:\/\/blog.demonia.com\/wp-json\/wp\/v2\/comments?post=4242"}],"version-history":[{"count":33,"href":"https:\/\/blog.demonia.com\/wp-json\/wp\/v2\/pages\/4242\/revisions"}],"predecessor-version":[{"id":4473,"href":"https:\/\/blog.demonia.com\/wp-json\/wp\/v2\/pages\/4242\/revisions\/4473"}],"wp:attachment":[{"href":"https:\/\/blog.demonia.com\/wp-json\/wp\/v2\/media?parent=4242"}],"curies":[{"name":"wp","href":"https:\/\/api.w.org\/{rel}","templated":true}]}}